et v = -4 - n. Suppose 2*b - 4 = -v*p, 16 = 5*b + 3*p - 0. What is the units digit of b?
5
Let l(u) = u**3 + 5*u**2 + 5*u**2 - 3*u - 5 - 3*u**2. What is the tens digit of l(-7)?
1
Let n = 7 - 12. Let j = n - -2. What is the units digit of j/(((-9)/(-6))/(-1))?
2
Suppose 0 = -3*v - 4*d + 6, 2*v + 0*v + d = 4. What is the tens digit of ((-2)/(-6) - v)*-6?
1
Let l = 130 - -105. What is the tens digit of l?
3
Suppose 4*n - 10 - 6 = 0. Suppose -2*c = -n*c + 24. What is the units digit of c?
2
Suppose 0 = 10*o - 5*o - 90. Suppose 0 = -0*r - r + o. What is the tens digit of r?
1
Let w(a) = 2*a**2 + 5*a + 3. Let v = -4 - -1. What is the units digit of w(v)?
6
Suppose -3*k + 9 = 0, 5*v = 3*v + 3*k + 39. What is the units digit of v?
4
Let x(g) = -g. Let c be x(-6). Suppose -t + 10 = -y + c*y, -5*y + 10 = -5*t. Suppose -y*w - 4*h + 38 = 4, -5*w + h = -52. What is the tens digit of w?
1
Suppose -23 = -5*p + 7. Suppose -x - p = -5*f + 2*f, 2*f + 3 = 3*x. What is the units digit of (-3)/(42/16 - f)?
8
Let d(j) = -j**3 + 3*j**2 - 1. Let t be d(3). Let f(m) = 2*m**2 + 5*m + 3. Let u be f(-3). What is the units digit of (t - (-6)/3)*u?
6
Suppose 0 = z + 5*i + 13, -14 = -6*z + 2*z + 2*i. Suppose 4*a = 3*l + 120, -4*a - z*l + 90 = -10. What is the tens digit of a?
2
Suppose -5*h + 1038 = 4*k + 236, 0 = 3*k + 3*h - 603. What is the units digit of k?
3
Let u be 1 + -32 + (-6)/(-2). What is the tens digit of (-3 - 108/u)*14?
1
Suppose -8 = 4*s - 44. Suppose 0*c - s = -2*h + c, -h + 5*c = -27. Suppose -h*n + 4 = -10. What is the units digit of n?
7
Let f = 5 - 11. What is the units digit of (-6)/(f/9 - 0)?
9
Let k be 2/5 + 13/5. Suppose -9*z + y + 38 = -5*z, -z - k*y + 3 = 0. What is the units digit of z?
9
Let u = 11 + 0. Suppose -u*b = -15*b + 108. What is the tens digit of b?
2
Suppose -30 = -2*b + 7*b. Let w = b + 10. Suppose 4 = w*v - 0. What is the units digit of v?
1
Let c(q) = 75*q**2 + 1. What is the units digit of c(-1)?
6
Suppose -586 + 2028 = 7*x. What is the hundreds digit of x?
2
Suppose 12 = -3*c + 5*c. What is the units digit of c?
6
Let q = 76 + -50. What is the tens digit of q?
2
Suppose -68 = -n - 3*m, -6 = -n + 5*m + 62. What is the tens digit of n?
6
Let c(g) = g**2 - 4. Let x be c(3). Suppose -x*h - 2 - 6 = k, h + 28 = 2*k. What is the units digit of k?
2
Let m be ((-4)/(-7))/(8/28). Suppose 5*z = m*n - 70, -2*z + 6*z = n - 38. What is the units digit of n?
0
Let h be 1/4 - 15/(-4). Suppose 0 = 3*j + 5*v - 53, 0 = -4*j + h*v + v + 59. What is the units digit of j?
6
Let j be (2/8)/((-2)/(-24)). Let v be 38/(-6) - j/(-9). What is the tens digit of 12/v*8/(-1)?
1
Suppose -3*p - f = 2*f + 45, -5 = p - f. Let s = p - -14. What is the units digit of s?
4
Let c be -1 + (2 + -1 - -4). Suppose -12 = -c*b + b. What is the units digit of b?
4
Suppose 0 = 5*m - 27 - 3. Suppose -124 = 2*l - m*l. What is the units digit of l?
1
Let p(f) = f**3 - 2*f**2 - 2*f + 82. What is the units digit of p(0)?
2
Let p(t) = 5*t**3 + t**2 + t - 2. Let m be p(-2). Let x be 6/4*m/(-3). Suppose 0*d + 5*d = x. What is the units digit of d?
4
Let n be -3*(-2)/3 + -2. Suppose n = k - 17 + 7. Suppose -s - h + k = 2*h, -h = -5*s + 34. What is the units digit of s?
7
Let a = 0 + 5. Suppose 0 = -2*x - 4*u + 75 - 1, -a*x = -3*u - 172. Suppose 4*n + 7 = x. What is the units digit of n?
7
Let b(o) = -o**2 - 7*o - 3. Let w be b(-6). Let z = 1 - w. What is the units digit of z/(((-2)/5)/1)?
5
Suppose 2*s - 3*o - 40 = 0, 4*s - s = 3*o + 57. What is the tens digit of s?
1
Let v(z) = z + 1 - 3*z - z + 2*z. Let x(o) = -2*o + 1. Let k be x(3). What is the units digit of v(k)?
6
Let j = -6 + 9. Suppose -2*z + 9 = -k, 2*z = j*z - 2*k - 3. Suppose -z*d + 19 = -26. What is the units digit of d?
9
Suppose 14 = b - 4*z, 4*b - 3 - 14 = 3*z. Suppose 3*x + 1 = 2*w - 25, -x + 2 = b*w. What is the units digit of ((-4)/x)/((-2)/(-54))?
8
Let v(m) = -3*m - 2. Let b be v(-2). Let l be 2/(-1)*(-6)/b. Suppose -l*h = 4*q, q + 15 = -2*h + 5*h. What is the units digit of h?
4
Let g(t) = 35*t**2 + t - 1. Let o be g(2). Suppose 8*v = 5*v + o. What is the units digit of v?
7
Suppose 5*p + 40 = -4*y + 4, 3*y + 5*p + 32 = 0. Let k(j) = 2*j**2 + 7*j + 6. What is the units digit of k(y)?
0
Suppose -3*x - 11 = 13. Let v(m) = 4*m + 11. Let s(j) = 6*j + 17. Let o(l) = x*v(l) + 5*s(l). What is the units digit of o(-3)?
3
Let d be 1*(2 + 46 + 1). Suppose 0 = -2*w + d - 9. What is the units digit of w?
0
Let s be (-1)/2 + 22/4. Suppose 0*n - 12 = -2*n - 2*q, -s*q - 10 = n. Suppose -n = -j - j. What is the units digit of j?
5
Let v(q) be the first derivative of q**4/4 - 4*q**3 + 15*q**2/2 - q - 9. What is the units digit of v(11)?
3
Let y = -9 - -29. What is the tens digit of 3 - (-5)/(y/44)?
1
Let c = 29 + 5. What is the tens digit of c?
3
Let j = -14 + 26. Suppose 2*w - 5*x = -0*w + 14, -2*w + j = -4*x. What is the units digit of w?
2
Let m = 65 + 3. What is the units digit of m?
8
Let r = 58 - 40. Suppose -2*q + r = 2*c, -c - 3 = -3*q + 2*c. What is the units digit of q?
5
What is the units digit of (6/(-4) - (3 + -4))*-104?
2
Suppose -5*s = 2*s. Suppose -43 = -y - c, 0 = y - 3*c - s*c - 43. What is the tens digit of y?
4
What is the tens digit of ((-33)/(-9))/(2/12)?
2
Let o(d) be the first derivative of -d**3/6 - d**2/2 - d - 1. Let j(b) be the first derivative of o(b). What is the units digit of j(-6)?
5
Let k(l) = l + 7. Let g be k(-7). Suppose d + 3 = 2*b + 6*d, g = -2*b + 4*d + 30. What is the units digit of b?
9
Suppose -g = 2*g - 6. Suppose 3*x + 0 = -v + 12, 3*v + 19 = g*x. Let t = -4 + x. What is the units digit of t?
1
What is the units digit of -120*((-6)/15)/((-9)/(-30))?
0
Let v = -6 + 10. Suppose -3*o - 104 = o - 2*j, -v*j = -o - 19. What is the units digit of 2/(6/o*-3)?
3
Suppose -5*i + 34 = 3*g, i - 5*g = 3*i - 25. Let x(p) be the second derivative of -p**5/20 + p**4/2 - p**3/2 - 7*p**2/2 + p. What is the units digit of x(i)?
3
Let h(l) = -l**2 + 11*l + 15. Let z be h(12). Let x be (z/(-6)*0)/1. What is the units digit of (-8)/(-5 + x - -3)?
4
Let p = -133 - -194. What is the tens digit of p?
6
What is the units digit of (-36)/(-10)*(-55)/(-33)?
6
Let k be (0 - -5) + 8/4. Let q = k - 1. Let j = 13 - q. What is the units digit of j?
7
Let n(z) = -9*z. What is the tens digit of n(-3)?
2
Let y(t) = -7*t**2 + 1. Suppose 0 - 5 = -g. Let x be y(g). What is the units digit of (-4)/14 - x/21?
8
What is the units digit of -5*(-1 + 258/(-15))?
1
Let s = 1 + 24. What is the units digit of s?
5
Let q(r) = 6*r + 3. Let x be q(-3). What is the units digit of (5/x)/((-1)/84)?
8
Let d(r) = r - 10. Let w be d(8). Let v(p) = -2*p**3 - 3*p**2 - 3*p. What is the tens digit of v(w)?
1
Let i(o) = o**2 + 3*o + 3. Let h be i(-4). What is the units digit of (-5 + h)*(1 + 1)?
4
Let x(v) = -v**3 + 3*v**2 + 5*v + 3. Suppose -t + 5*i - 5 = 4*t, 4*t = i + 11. Let o be x(t). Suppose o = -w + 8. What is the units digit of w?
1
Let n be (2 - 1)*1 - -3. Suppose 0*b - 18 = -b - 5*h, n*b - 72 = -3*h. What is the units digit of b?
8
Suppose 2*k - 248 = -4*g, 0*k - 4 = 2*k. What is the tens digit of g?
6
Suppose -187 = -15*o + 128. What is the tens digit of o?
2
Let w = 132 - -132. What is the hundreds digit of w?
2
Suppose -6*z = 9*z - 1890. What is the hundreds digit of z?
1
Let b = 8 + -14. Let j = b - -4. What is the units digit of j/8 - (-58)/8?
7
Let u = 8 - 11. Let m be u/12 + 33/4. Suppose -7 - m = -5*s. What is the units digit of s?
3
Let k(x) = -7*x - 8. Let t(h) = 20*h + 23. Let w(o) = 17*k(o) + 6*t(o). Suppose v = -2*n + 16, v = 5*n - 2*n - 19. What is the units digit of w(n)?
9
Let f(i) = -49*i - 1. Let p be f(-1). Suppose 0 = -3*l + p - 9. What is the units digit of l?
3
Let d(a) = -a - 1. Let i be d(9). Let v = 19 - i. What is the tens digit of v?
2
Let j(v) = -v**3 + 12*v**2 + 1. Let d be j(12). What is the units digit of (-3 + 1)/(d/(-4))?
8
Suppose 395 = -3*y + 8*y. What is the units digit of y?
9
Let n(k) be the third derivative of -k**5/10 - k**4/24 - k**3/6 + 4*k**2. Let g be n(-2). Let z = g - -37. What is the units digit of z?
4
Let j be (-99)/6 + 6/(-4). Let u = j - -35. What is the units digit of u?
7
Let m(y) = -y**3 + 7*y**2 + 9*y - 6. Let u be m(8). Suppose 0 = u*c - 37 + 7. What is the tens digit of c?
1
Le